-2*j = -v - 3. Suppose 3*r = 7*r + 3*u - 98, u - 48 = -j*r. What is the remainder when 137 is divided by r?
22
Suppose -3*v + 327 = 3*n, 3*v + 18 - 341 = n. Suppose 0*g + v = 4*g. What is the remainder when 77 is divided by g?
23
Let c(s) = 591*s**2 - 15*s + 14. What is the remainder when c(1) is divided by 37?
35
Suppose -b = -d - 1, -d + 6*d = 3*b + 1. Suppose 13 = d*o + 5. Calculate the remainder when o is divided by 1.
0
Let p(d) = -d**3 - 14*d**2 - 30*d - 47. What is the remainder when 215 is divided by p(-12)?
15
Let d(y) = 99*y - 9. Calculate the remainder when d(1) is divided by 26.
12
Let i = -69 - -71. Suppose -g + 2*o + 47 = 0, -2*g - 4*o + i*o + 100 = 0. Calculate the remainder when 291 is divided by g.
46
Suppose -150 = 3*u + 2*u. Let f = u - -45. Suppose -2*j + f = -j. What is the remainder when j is divided by 4?
3
Let r = 20 + -44. Let f = -10 - r. Suppose 78*o = -114*o - 13*o + 13530. Calculate the remainder when o is divided by f.
10
Suppose -6 = -2*c + i - 1, 0 = 2*c + 5*i + 13. Calculate the remainder when 72 is divided by 17 + c - 3/1.
12
Let q = 1 - -28. Suppose -4*m + 9 = 1. Suppose -5*f = 5, 2*a + 3*a - m*f = 277. Calculate the remainder when a is divided by q.
26
Suppose 5*c - 38*c = -53493. What is the remainder when c is divided by 28?
25
Suppose -3*c - 30*t + 32*t = -1849, 2452 = 4*c + 4*t. Calculate the remainder when c is divided by 14.
13
Suppose 10*k - 6192 = -4*t + 8*k, -3*t = -4*k - 4622. What is the remainder when t is divided by 12?
10
Suppose 55*k = 42*k + 975. Calculate the remainder when k is divided by 10.
5
Suppose 3*h = 2*h + 27. Let o(r) = 2*r**2 + 3*r - 90. What is the remainder when h is divided by o(-8)?
13
Suppose 3*s = j, 0 = -s - 8*j + 5*j. Suppose -4*l - 49 + 185 = s. Let x(k) = -k**3 - 2*k - 3. Calculate the remainder when l is divided by x(-2).
7
Let v(s) = 2*s + 25. Let l be v(7). Suppose -3*z = -6*z + 2*m + l, -4*m = -12. What is the remainder when 72 is divided by z?
12
Suppose 3*s = s - 0*s + 50. What is the remainder when s is divided by 2/(-9)*3*-21?
11
Let w = -44 - -50. Calculate the remainder when 9 is divided by 2/6*(-6)/w*-9.
0
Let j(g) = -g**2 - g + 1. Let q be j(0). Suppose -v - 2*k = -1, v + k - 5 = -0*v. Calculate the remainder when v is divided by q/(-2 + 22/10).
4
Suppose 0 = 2*j + 4, -5*l = -l + j + 618. Let c = -147 - l. Calculate the remainder when 41 is divided by c.
6
Let f be 4/3*(-6)/(-4). Let m be 1/(-2) + (-225)/f. Let q = 181 + m. Calculate the remainder when q is divided by 23.
22
Let w = -52 - -64. Let q(s) = s**3 + 2*s. Calculate the remainder when q(3) is divided by w.
9
Let c(x) = -x**3 - 3*x**2 + x. Suppose 2*h = 8 + 2. Let i = 1 - h. Calculate the remainder when 47 is divided by c(i).
11
Suppose 5*d - i - 132 = 0, d + 170 = -5*i + 212. Calculate the remainder when (-784)/(-10) - (-4)/(-10) is divided by d.
24
Let z = -18 + 17. Let l(c) = -23*c + 2. Let o be l(z). What is the remainder when 106 is divided by (0 - 1) + 3 + o?
25
Let q = 135 - 78. Let l = q - 165. Calculate the remainder when (l/(-10))/(4/10) is divided by 10.
7
Suppose -2*v + 3 = -v. Suppose -v*b = -2*b - 34. What is the remainder when 103 is divided by (b - 0) + (-1)/(-1)?
33
Let m = 3 + 0. Let v = 601 + -587. Calculate the remainder when v is divided by m.
2
Suppose 2*w - 18 = 8. What is the remainder when 7/(-70) - (-3483)/30 is divided by w?
12
Suppose 0 = 4*t + 4*t - 32. Let x be 68/18 + (-4)/(-18). Suppose 2*h - 13 = -g + x*g, h - 2*g - t = 0. Calculate the remainder when h is divided by 9.
5
Suppose -4*v + 2*v + 136 = 0. Suppose v - 14 = p. What is the remainder when p is divided by 28?
26
Let i(b) = -7*b**3 + b**2 - b. Let r(j) = 18*j**2 + 2*j + 1. Calculate the remainder when i(-2) is divided by r(-1).
11
Let s = -62 + 125. Calculate the remainder when s is divided by 13.
11
Suppose l + 0 = -2*p + 7, l - 19 = -5*p. Let g = -6 - -21. What is the remainder when 12/15*g/2 is divided by p?
2
Calculate the remainder when 6/12*100 - -5 is divided by 14.
13
Suppose 5*v - 160 = 5*f, 0*f = -v - f + 30. Calculate the remainder when v is divided by 11.
9
Let d(m) = -11*m**3 - m**2 - 2*m - 2. Suppose t - 6 = 4*t - 4*h, 3*t + 6 = 3*h. Let s be d(t). What is the remainder when s/2 - (-6 + 3) is divided by 12?
10
Let b = 23 - 21. Let n = -1 + 4. What is the remainder when n is divided by b?
1
Suppose 6*g = -22 + 142. Calculate the remainder when 34 is divided by g.
14
Let s = 47 + 48. Suppose -7 = -2*l + s. What is the remainder when l is divided by 11?
7
What is the remainder when 55 is divided by (-14)/(-21) - (-440)/15?
25
Let o be (12/(-7)*1)/((-18)/126). Suppose -o = 3*s, -74 = -q + s + 124. Calculate the remainder when q is divided by 49.
47
Let f = 80 - 8. Let x be (-30)/9*18/(-2). Let l = x + -15. What is the remainder when f is divided by l?
12
Suppose 75*p = 74*p - 43. Let z = 132 + p. Calculate the remainder when z is divided by 10.
9
Let b(x) = 9*x**2 - 12*x - 7. What is the remainder when b(5) is divided by 57?
44
Suppose -5*p + 2*n = -22, 0*n + 2 = p + 2*n. Suppose 5*s + 5*z = 90, 0 = p*s - 5*z - 26 - 55. Calculate the remainder when 34 is divided by s.
15
Let b = -24 - -40. Calculate the remainder when 63 is divided by b.
15
Let p be (-2 - -1)/((-7)/(-2485)). What is the remainder when 48 is divided by p/(-15) - (-4)/3?
23
Suppose 2 = l - 4*v, 5*l + 5*v - 24 = 36. Let n = 15 - -3. Calculate the remainder when n is divided by l.
8
Let x be ((-4)/(-3))/((-6)/(-153)). Let w = x + -29. Suppose -25 = w*u, -2*j + u = -j - 129. Calculate the remainder when j is divided by 32.
28
Let q(n) = -n**2 - 6*n - 4. Let r be q(-2). Suppose -2 = r*i - 198. What is the remainder when i is divided by 27?
22
Suppose 5*j - 20*g = -22*g + 8391, -5*j - 3*g = -8394. What is the remainder when j is divided by 16?
13
Suppose 23*d = 25*d - 32. Calculate the remainder when 463 is divided by d.
15
Suppose 5*l + 152 = -4*w, -3*w - 22 - 36 = 2*l. Calculate the remainder when 45 is divided by (-30)/4*l/10.
21
Let a(y) = -y**2 - 6*y + 1. Let h be a(-8). Let w = 15 + h. Suppose 4*m - 74 - 98 = w. What is the remainder when m is divided by 15?
13
Suppose 30 = 5*w + 2*m - 0*m, 2*w + 5*m = 33. Suppose -72 = -w*r - v - v, 49 = 3*r - v. What is the remainder when 65 is divided by r?
14
Suppose w = 3, 0*g - 2*g - 4*w = -22. Let p be 4/(-10)*g/1. What is the remainder when 26 is divided by -21*-4*p/(-12)?
12
Let i = 165 - 142. Suppose i*w - 338 = -85. Calculate the remainder when 119 is divided by w.
9
Calculate the remainder when 54 is divided by 0 - (-18 + -1 + -3).
10
Let k(x) = -3*x**3 - 56*x**2 + 16*x + 41. Calculate the remainder when 117 is divided by k(-19).
19
Let x be (-10)/(-4)*(11 + -9). Suppose x + 10 = -5*n. What is the remainder when 8 is divided by (n/(-2))/(13/26)?
2
Suppose 4*a = 2*u + 50, -2*u + 20 = -7*a + 8*a. Calculate the remainder when 46 is divided by a.
4
Suppose 7*t - 9 = 19. Let z = 2 + 15. Calculate the remainder when z is divided by t.
1
Suppose 0 = -5*o - 0*o + 15. Suppose o*q = 13 + 8. What is the remainder when 27 is divided by q?
6
Suppose -4*w + 32 = 4*r, -r + 12 = -2*w + 7*w. Suppose 0*i + 4*i - 20 = 0. What is the remainder when r is divided by i?
2
Suppose -51*r - 355 = -56*r. Let z(d) = -d**2 + 18*d - 48. What is the remainder when r is divided by z(12)?
23
Suppose 3*u - 6*u = 0. Suppose -2*o - 3*m + 7 + 127 = 0, m = 3*o - 179. Let g = o - u. Calculate the remainder when g is divided by 16.
13
Let p = -693 - -1212. What is the remainder when p is divided by 29?
26
Suppose -6*a = x - 26, -9*x = -4*a - 4*x + 6. Let t = -1 + 4. What is the remainder when a is divided by t?
1
Let r(y) = y**3 + 14*y**2 + 11*y + 30. Calculate the remainder when r(-13) is divided by 31.
25
Suppose -258 = -65*r + 59*r. Calculate the remainder when 71 is divided by r.
28
Suppose 3*s - 10*o = -9*o + 1174, 0 = -2*s - 5*o + 794. What is the remainder when s is divided by 101?
89
Let h = 86 - 130. Let z = -34 - h. Calculate the remainder when 24 is divided by z.
4
Let a(p) = 4*p**2 - 15*p + 17. Let f = 80 + -2. Suppose 0*g = 2*g - f. Calculate the remainder when g is divided by a(3).
7
Suppose 18*s + c + 141 = 20*s, 3*s - 199 = -c. Calculate the remainder when s is divided by 21.
5
Let t be (164/3)/4*-9. Let k = 